- 1. Is b(2) composite?
True
Let v = 503 - 294. Let h = 528 - v. Is h a prime number?
False
Suppose -5*n - 2*n = 812. Let t = 267 - n. Is t prime?
True
Suppose -a + 5*k + 1120 = -284, -4*a + 5*k + 5601 = 0. Suppose 5*n - 1412 - 5583 = 2*q, -n + 2*q + a = 0. Is n prime?
True
Let d(n) = n**3 + 5*n**2 - 57*n - 1. Let s(h) = 3*h**2 - 28*h. Let v(o) = -2*d(o) + 5*s(o). Is v(-7) a prime number?
False
Let q be 6/(-21) - (-19)/(-7). Let n be (-23149)/(-35) - q/5. Suppose t = 3*t - n. Is t prime?
True
Let m(c) = 1561*c - 3096. Is m(35) composite?
False
Let a = 22 - 19. Let b be (-2 - a)*2/5. Is -4*(b - 806/8) a composite number?
True
Let y = 24 + -28. Let g = 77 - y. Suppose g = -6*x + 789. Is x prime?
False
Let m be 2/(-6) - 10/(-3). Let a(i) = -4*i**3 - i**2 + 32*i + 33. Let l be a(-1). Is 3283/l + m/12 composite?
False
Let d(w) = 3*w**2 - 58*w + 21. Let r be d(19). Let c be 1 + (-4)/(-4) + 2. Suppose -5 = -u, c*u - u - 11617 = -r*a. Is a a prime number?
True
Is -2*1*(-1026959)/166 prime?
True
Let a = 5599 + 712. Suppose -10*f + 8407 = -6*f + 5*x, 3*f - 2*x = a. Is f a composite number?
True
Suppose d - 8 = -35. Let o be (-3 - -1)/(6/d). Suppose 2*y - 130 = -3*c - o, -c = 5*y - 270. Is y prime?
True
Let j(d) = 2039*d + 30. Is j(29) a prime number?
False
Suppose -55630 - 24604 = -22*w. Is w a prime number?
False
Let y = 10 + -8. Suppose y*p = 3*f + 1940, 2*f + 3405 = 4*p - 467. Is p a composite number?
False
Suppose -5*m - 23 = 12. Let b be (29/m - -4) + (-15)/(-7). Suppose 4*z = 5*w - w + 596, -w + 298 = b*z. Is z prime?
True
Let u = -254 + 245. Let c(h) = -195*h - 74. Is c(u) prime?
False
Suppose -25962 = -2*d - 3*h + 21562, -3*h + 118783 = 5*d. Is d a prime number?
True
Is ((-142)/15)/((-151)/619704) - 1/5 prime?
True
Is (6 + 1 - 0) + (147960 + 35 - 41) a composite number?
True
Let r(z) = 48077*z**3 - 4*z**2 - 2*z + 2. Is r(1) a composite number?
False
Let l(i) = 169*i - 13. Let j(x) = -x + 5. Let c(d) = 6*j(d) + l(d). Let b = -8 - -12. Is c(b) a prime number?
False
Let h(j) = 279*j - 25. Let a be h(4). Suppose z = -5*p + 1088, -16*p + 11*p - 2*z + a = 0. Is p prime?
False
Let x(g) = -2*g**2 + 14*g - 15. Let t be x(6). Let s be 2 + 4/12*t. Is (-6810)/(-9) - (s - 8/6) prime?
True
Let l = -6 + -18. Let i(k) = 0 + 14 - 3 - 18*k + 3. Is i(l) a prime number?
False
Suppose 9*s = 6*s. Suppose -5*t + 8510 = 5*r - s*r, t = -5*r + 1694. Let q = 4481 - t. Is q composite?
False
Let x be -5*(-9)/15 + -3. Suppose -3*p + 35 = 2*p. Suppose x = p*o + o - 2072. Is o a prime number?
False
Let p = 1123304 + -585703. Is p composite?
True
Let p(u) = 1083*u + 6041. Is p(24) a prime number?
False
Suppose -4*x + 28 = 0, -2*s + 23*x = 32*x - 13109. Is s prime?
False
Let k(j) = 344*j - 28 - 294*j + 69. Is k(13) prime?
True
Let m = 414767 - -6566. Is m a composite number?
True
Suppose -416*n = -87*n - 5992735. Is n composite?
True
Let c be -9*(1 + (-500)/12 + 6). Let v = c + -263. Is v a composite number?
True
Let r(z) = -z**3 - 16*z**2 - 17*z - 27. Let g be r(-15). Let f(x) = 175*x + 13. Let s(t) = 87*t + 6. Let b(n) = -4*f(n) + 9*s(n). Is b(g) a prime number?
True
Let t(j) = -1180*j - 2053. Is t(-41) prime?
True
Let w(s) = 29*s + 2654. Is w(73) composite?
True
Let y = -223 + 228. Suppose 0 = 3*n - h - 5381, 2*h = y*n - 2*h - 8959. Is n a prime number?
False
Let m(n) = n + 1. Let j be m(3). Suppose 0 = -4*p + 11 - 3, 3*c + j*p - 29 = 0. Suppose c*a = -5111 + 15688. Is a a prime number?
True
Let n = 899 - -41144. Is n composite?
False
Suppose -3*z + 9*b = 7*b - 681, -2*b = 4*z - 922. Suppose -z = -w + 30. Is w prime?
False
Let x(i) = 2*i**2 - 3*i + 3. Let q = -24 + 31. Let h be x(q). Let p = h - -77. Is p composite?
False
Let n be ((-59)/2)/((-7)/84). Suppose -4*j - n = -16594. Let g = j + -2583. Is g a composite number?
True
Suppose -k - 2*k + 55586 = t, 5*t - 277968 = 4*k. Suppose -21*g + 10831 = -t. Is g a composite number?
False
Let z(d) = 13*d**3 + 44*d**2 + 5*d + 167. Is z(20) a composite number?
False
Let w be 10/(-15)*3 + 14. Is (40/w + -3)/((-1)/(-30471)) a prime number?
False
Suppose 0*i = -7*i + 133. Let o = 19 - i. Suppose o = -u - 0*u - 4*n + 1041, -5*u - 2*n = -5241. Is u a prime number?
True
Suppose -2*y = -y + 990. Suppose 16*a + 8879 = 3*a. Let l = a - y. Is l prime?
True
Let k(n) = 75*n**2 - 2*n + 10. Let w(g) = -75*g**2 + 2*g - 10. Let b(y) = 5*k(y) + 4*w(y). Let q be b(-6). Suppose 6*c + q = 8*c. Is c prime?
True
Is -1 + 3*-13655*8/(-10) a composite number?
False
Let y = 557 - 554. Suppose -109*f + v = -107*f - 20009, -y*f + 30001 = -4*v. Is f prime?
True
Suppose -2*v - c = -106949, 690*c - 213923 = -4*v + 693*c. Is v prime?
False
Let v = -75464 - -138517. Is v a composite number?
True
Let c = 25153 - 9026. Is c a prime number?
True
Is (482349/42)/((-3)/(-36)*6) composite?
True
Let a be -2537 - 10 - (-1 - -8). Let r = -147 - a. Is r a prime number?
False
Let t be (1/1 - -32) + -5. Let q = 33 - t. Suppose -q*w + 4*w - b = -291, -5*b = 2*w - 588. Is w a prime number?
False
Is 2/20*-5*((-220986)/3 - 4) prime?
True
Let y(t) = 13*t**2 - 16*t + 47. Let w be y(5). Suppose 0 = -w*a + 300*a - 38008. Is a a composite number?
False
Suppose -6*n + 5*n = -218. Suppose p - n = 1203. Let t = p + -634. Is t a prime number?
True
Suppose -r + 279 - 108 = 0. Suppose 407 = -8*q - 305. Let g = r + q. Is g composite?
True
Let o = 6 - -6. Suppose 0 + o = 3*q. Suppose -r + 615 = 3*s, -r = q*s + 2*r - 820. Is s a prime number?
False
Let w be ((8/(-14))/1)/(28/(-98)). Suppose 3*m - 6 = w*m. Is (-4)/m*59703/(-14) a composite number?
False
Let p be ((-6)/(-21) - 0) + 38/14. Suppose 592 + 983 = p*d. Suppose y - d = 4*g, -g - 517 = -y + g. Is y a composite number?
False
Let h = 5 - 3. Suppose 0 = m - h*m. Suppose m = -2*j + k + 126, 3*j = 2*k + 3*k + 175. Is j a composite number?
True
Let o(h) = -40046*h**3 - 2*h**2 - 111*h - 110. Is o(-1) composite?
True
Let r = 25 + -23. Let b be 2/28*194 - r/(-14). Suppose b*l + 56048 = 131690. Is l a composite number?
True
Let i = -6006 - -41. Let r = -3026 - i. Is r composite?
False
Let i be (-161)/(-46)*(-250280)/(-14). Suppose 2*v + i = 5*c + 7*v, c = v + 12516. Is c prime?
False
Let f = 294 + -287. Suppose c = 5, f*q - 3*q + 3*c = 25283. Is q a prime number?
True
Is (6/4)/((-5)/(7022590/(-57))) composite?
True
Suppose -196662570 = -20*y - 289*y + 70399023. Is y a prime number?
True
Let k be 6/(-33) - 0 - (-3066)/(-77). Let b be (-60)/k*2/(-3). Let q(a) = -1188*a**3 + a**2 + 2*a. Is q(b) prime?
True
Is 12 + 14/(-287) + 201304026/246 a prime number?
False
Suppose u + 3*u - 2*f - 4 = 0, 5*f - 12 = -u. Suppose -2*n + u*t + 0*t + 1930 = 0, -3*n = 3*t - 2907. Suppose -2*m + 3*l + n = 6*l, 0 = 2*l + 10. Is m prime?
True
Let b(p) = -p**3 + 3*p**2. Let u be b(3). Suppose v - 5*g = 9208, g + 27568 = 3*v - u*g. Is 20/100 + v/10 composite?
False
Let v = 32 + -34. Let y be (-3043)/6 + v/24*-2. Let w = y - -978. Is w composite?
True
Suppose 57*v - a - 597003 = 54*v, 4*v - 4*a - 795988 = 0. Is v prime?
False
Is 646666 - ((-1219)/(-46) - 23)*12/14 a composite number?
True
Let t = -625 + 1582. Suppose 0 = o - t + 19. Suppose 0 = -5*g - 4*d + 1574, -3*g = -0*g - 4*d - o. Is g a composite number?
True
Is (-36)/(-9)*7/((-28)/(-17291)) a prime number?
True
Let m(p) be the first derivative of -3*p**2/2 + 9*p + 10. Let o be m(2). Suppose 0 = -5*r + 5, -2*k + o*r + 1593 = 2*r. Is k a prime number?
True
Let d = -215 - -219. Is (2243/d)/(30/(-8) - -4) composite?
False
Suppose -362*o = -383*o + 2237151. Is o a composite number?
False
Is ((-12)/(-8))/(((-147)/3101126)/(-7)) a prime number?
True
Suppose 2*a + 2 = -30. Is (a/(-24))/((2/(-8421))/(-1)) prime?
False
Is (-45)/(-600)*-5 + 1533259/8 a prime number?
True
Let r(m) = 1 + 35*m**3 + m**2 - m + 535*m**3 + 150*m**3. Let g = -358 - -359. Is r(g) a composite number?
True
Let h(a) = -12*a**3 + a**2 - 6*a - 35. Let q be ((-3)/(-7) - (-29)/(-35))*15. Is h(q) a composite number?
True
Let v = -42595 + 127508. Is v a prime number?
True
Let t(b) be the third derivative of 5*b**4/8 - 11*b**3/6 - 13*b**2. Let j be t(6). Suppose -k + 402 + j = 0. Is k a composite number?
True
Let w = 94 + -94. Suppose -n + w*x - 3 = -5*x, 0 = x. Is 2/(-4)*(-663 + (-2 - n)) a composite number?
False
Let x = -474859 - -925794. Is x a prime numbe